{"id":2203,"date":"2018-04-16T20:15:48","date_gmt":"2018-04-16T20:15:48","guid":{"rendered":"http:\/\/praxis-natur.ch\/?page_id=2203"},"modified":"2019-01-15T20:43:50","modified_gmt":"2019-01-15T20:43:50","slug":"ueber-mich","status":"publish","type":"page","link":"https:\/\/praxis-natur.ch\/?page_id=2203","title":{"rendered":"\u00dcber mich"},"content":{"rendered":"<div id=\"pl-2203\"  class=\"panel-layout\" ><div id=\"pg-2203-0\"  class=\"panel-grid panel-no-style\" ><div id=\"pgc-2203-0-0\"  class=\"panel-grid-cell\" ><div id=\"panel-2203-0-0-0\" class=\"so-panel widget widget_sow-editor panel-first-child panel-last-child\" data-index=\"0\" ><div\n\t\t\t\n\t\t\tclass=\"so-widget-sow-editor so-widget-sow-editor-base\"\n\t\t\t\n\t\t>\n<div class=\"siteorigin-widget-tinymce textwidget\">\n\t<h3>Hildegard Fl\u00fcck<\/h3>\n<p>Schon im Rahmen meines Apothekerstudiums wurde mein Interesse an nat\u00fcrlichen Heilmethoden geweckt. So verbrachte ich meine Praktikantenjahre als angehende Apothekerin in der Rennweg und Hammerstein-Apotheke Z\u00fcrich, die schon vor 30 Jahren f\u00fchrend in der Beratung und dem Vertrieb nat\u00fcrlicher Heilmittel war. Hier lernte ich die Herstellung von zahlreichen schon jahrhundertealten Hausspezialit\u00e4ten. Auch hom\u00f6opathische Heilmittel wurden in dieser Apotheke selbst hergestellt und so hatte ich den ersten Kontakt mit der Hahnemannschen Heilkunst.<\/p>\n<\/div>\n<\/div><\/div><\/div><div id=\"pgc-2203-0-1\"  class=\"panel-grid-cell\" ><div id=\"panel-2203-0-1-0\" class=\"so-panel widget widget_sow-editor panel-first-child panel-last-child\" data-index=\"1\" ><div\n\t\t\t\n\t\t\tclass=\"so-widget-sow-editor so-widget-sow-editor-base\"\n\t\t\t\n\t\t>\n<div class=\"siteorigin-widget-tinymce textwidget\">\n\t<p><img fetchpriority=\"high\" fetchpriority=\"high\" decoding=\"async\" class=\"alignnone wp-image-2315 size-medium\" src=\"http:\/\/praxis-natur.ch\/wp-content\/uploads\/2018\/12\/Hildegard.gif\" alt=\"\" width=\"300\" height=\"278\" \/><\/p>\n<\/div>\n<\/div><\/div><\/div><\/div><div id=\"pg-2203-1\"  class=\"panel-grid panel-no-style\" ><div id=\"pgc-2203-1-0\"  class=\"panel-grid-cell\" ><div id=\"panel-2203-1-0-0\" class=\"so-panel widget widget_sow-editor panel-first-child panel-last-child\" data-index=\"2\" ><div\n\t\t\t\n\t\t\tclass=\"so-widget-sow-editor so-widget-sow-editor-base\"\n\t\t\t\n\t\t>\n<div class=\"siteorigin-widget-tinymce textwidget\">\n\t<p>Nach dem Pharmaziestudium, einer l\u00e4ngeren Babypause in der ich mich haupts\u00e4chlich meinen drei Kindern Philipp (1982), Jennifer (1984) und Alexander (1988) widmete, begann ich vor 17 Jahren in der auf Naturheilmittel spezialisierte St.Peter- Apotheke in Z\u00fcrich. Ein regelrechtes Eldorado f\u00fcr einen naturheil-kundlich interessierten Apotheker.<br \/>\nVon 2001 bis im August 2008 war ich als Hom\u00f6opathin in der der Apotheke angeschlossenen Praxis t\u00e4tig.\u00a0Von 2008 bis 2012 leitete ich die Naturefirst Apotheke am Albisriederplatz in Z\u00fcrich.\u00a0Seit 2012 bin ich in verschiedenen Naturheilpraxen t\u00e4tig. Nebst einer Praxis in Uster im Illuster habe ich auch zwei Standbeine in der Innerschweiz.<br \/>\nIn Kriens habe ich vor einigen Jahren im Gesundheitszentrum der Sp\u00e4niApotheke erfolgreich gestartet. Ab M\u00e4rz 2019 habe ich dann noch eine Praxis in der SwissMall in Ebikon. Dort werde ich jeweils am Mittwoch t\u00e4tig sein. <\/p>\n<h5>Ausbildung:<\/h5>\n<p style=\"padding-left: 30px;\">Studium der Pharmazie an der ETHZ 1986 Staatsexamen eidg. dipl. Apotheker<\/p>\n<h5>Ausbildung:<\/h5>\n<p style=\"padding-left: 30px;\">1995-1998 Hom\u00f6opathisch Ausbildung SGHB<br \/>\n1996-1999 Hom\u00f6opathische Ausbildung SVHA<br \/>\n1999-2002 Phytotherapeutische Ausbildung SMGP<br \/>\n2002-2003 Biochemische Beraterin (Joe Marti)<br \/>\n2003-2007 Chinesische Medizin ASA (Grundlagen Kr\u00e4uter, Rezepturen)\n<\/p>\n<h5>Abschl\u00fcsse:<\/h5>\n<p style=\"padding-left: 30px;\">Hom\u00f6opathin SVHA<br \/>\nPhytotherapeutin SMGP<br \/>\nBiochemische Beraterin (Spak)<br \/>\nFachapothekerin FPH f\u00fcr Offizinpharmazie<br \/>\nF\u00e4higkeitsausweis FPH Phytotherapie Fachapothekerin FPH Hom\u00f6opathie<\/p>\n<h5>\u00dcbriges:<\/h5>\n<p style=\"padding-left: 30px;\">\nSeit 2009 Gastdozentin an Uni Z\u00fcrich &amp; ETH<br \/>\nVorstandsmitglied im Verein Z\u00fcricher \u00c4rztinnen und \u00c4rzte Klassische Hom\u00f6opathie <a href=\"http:\/\/www.ZAKH.ch\">ZAKH.<\/a><br \/>\nVorstandsmitglied Schweizer Apotheker-Gesellschaft Hom\u00f6opathie <a href=\"http:\/\/www.sagh.ch\">SAGH.<\/a><br \/>\nVortr\u00e4ge zur Hausapotheke des Vereins zur F\u00f6rderung der klassischen Hom\u00f6opathie mit Frau Dr.Helene Gati Verschiedene Vortr\u00e4ge zusammen mit Christine Thanner (Hormonyogatherapeutin) Wechseljahre, Anti-Aging, Unerf\u00fcllter Kinderwunsch<\/p>\n<h5>Projekte:<\/h5>\n<p>Der Kr\u00e4utergarten am Z\u00fcriberg <a href=\"http:\/\/www.herbadea.ch\">Herbadea<\/a><\/p>\n<\/div>\n<\/div><\/div><\/div><\/div><\/div>","protected":false},"excerpt":{"rendered":"<p>Hildegard Fl\u00fcck Schon im Rahmen meines Apothekerstudiums wurde mein Interesse an nat\u00fcrlichen Heilmethoden geweckt. So verbrachte ich meine Praktikantenjahre als angehende Apothekerin in der Rennweg und Hammerstein-Apotheke Z\u00fcrich, die schon vor 30 Jahren f\u00fchrend in der Beratung und dem Vertrieb nat\u00fcrlicher Heilmittel war. Hier lernte ich die Herstellung von zahlreichen schon jahrhundertealten Hausspezialit\u00e4ten. Auch hom\u00f6opathische &hellip; <\/p>\n<p class=\"link-more\"><a href=\"https:\/\/praxis-natur.ch\/?page_id=2203\" class=\"more-link\"><span class=\"screen-reader-text\">\u201e\u00dcber mich\u201c <\/span>weiterlesen<\/a><\/p>\n","protected":false},"author":1,"featured_media":0,"parent":0,"menu_order":0,"comment_status":"closed","ping_status":"closed","template":"page-templates\/fullwidth-boxed-template.php","meta":{"footnotes":""},"class_list":["post-2203","page","type-page","status-publish","hentry"],"post_mailing_queue_ids":[],"_links":{"self":[{"href":"https:\/\/praxis-natur.ch\/index.php?rest_route=\/wp\/v2\/pages\/2203","targetHints":{"allow":["GET"]}}],"collection":[{"href":"https:\/\/praxis-natur.ch\/index.php?rest_route=\/wp\/v2\/pages"}],"about":[{"href":"https:\/\/praxis-natur.ch\/index.php?rest_route=\/wp\/v2\/types\/page"}],"author":[{"embeddable":true,"href":"https:\/\/praxis-natur.ch\/index.php?rest_route=\/wp\/v2\/users\/1"}],"replies":[{"embeddable":true,"href":"https:\/\/praxis-natur.ch\/index.php?rest_route=%2Fwp%2Fv2%2Fcomments&post=2203"}],"version-history":[{"count":29,"href":"https:\/\/praxis-natur.ch\/index.php?rest_route=\/wp\/v2\/pages\/2203\/revisions"}],"predecessor-version":[{"id":2337,"href":"https:\/\/praxis-natur.ch\/index.php?rest_route=\/wp\/v2\/pages\/2203\/revisions\/2337"}],"wp:attachment":[{"href":"https:\/\/praxis-natur.ch\/index.php?rest_route=%2Fwp%2Fv2%2Fmedia&parent=2203"}],"curies":[{"name":"wp","href":"https:\/\/api.w.org\/{rel}","templated":true}]}}

Über mich

<div id="pl-2203"  class="panel-layout" ><div id="pg-2203-0"  class="panel-grid panel-no-style" ><div id="pgc-2203-0-0"  class="panel-grid-cell" ><div id="panel-2203-0-0-0" class="so-panel widget widget_sow-editor panel-first-child panel-last-child" data-index="0" ><div
			
			class="so-widget-sow-editor so-widget-sow-editor-base"
			
		>
<div class="siteorigin-widget-tinymce textwidget">
	<h3>Hildegard Flück</h3>
<p>Schon im Rahmen meines Apothekerstudiums wurde mein Interesse an natürlichen Heilmethoden geweckt. So verbrachte ich meine Praktikantenjahre als angehende Apothekerin in der Rennweg und Hammerstein-Apotheke Zürich, die schon vor 30 Jahren führend in der Beratung und dem Vertrieb natürlicher Heilmittel war. Hier lernte ich die Herstellung von zahlreichen schon jahrhundertealten Hausspezialitäten. Auch homöopathische Heilmittel wurden in dieser Apotheke selbst hergestellt und so hatte ich den ersten Kontakt mit der Hahnemannschen Heilkunst.</p>
</div>
</div></div></div><div id="pgc-2203-0-1"  class="panel-grid-cell" ><div id="panel-2203-0-1-0" class="so-panel widget widget_sow-editor panel-first-child panel-last-child" data-index="1" ><div
			
			class="so-widget-sow-editor so-widget-sow-editor-base"
			
		>
<div class="siteorigin-widget-tinymce textwidget">
	<p><img fetchpriority="high" fetchpriority="high" decoding="async" class="alignnone wp-image-2315 size-medium" src="http://praxis-natur.ch/wp-content/uploads/2018/12/Hildegard.gif" alt="" width="300" height="278" /></p>
</div>
</div></div></div></div><div id="pg-2203-1"  class="panel-grid panel-no-style" ><div id="pgc-2203-1-0"  class="panel-grid-cell" ><div id="panel-2203-1-0-0" class="so-panel widget widget_sow-editor panel-first-child panel-last-child" data-index="2" ><div
			
			class="so-widget-sow-editor so-widget-sow-editor-base"
			
		>
<div class="siteorigin-widget-tinymce textwidget">
	<p>Nach dem Pharmaziestudium, einer längeren Babypause in der ich mich hauptsächlich meinen drei Kindern Philipp (1982), Jennifer (1984) und Alexander (1988) widmete, begann ich vor 17 Jahren in der auf Naturheilmittel spezialisierte St.Peter- Apotheke in Zürich. Ein regelrechtes Eldorado für einen naturheil-kundlich interessierten Apotheker.<br />
Von 2001 bis im August 2008 war ich als Homöopathin in der der Apotheke angeschlossenen Praxis tätig. Von 2008 bis 2012 leitete ich die Naturefirst Apotheke am Albisriederplatz in Zürich. Seit 2012 bin ich in verschiedenen Naturheilpraxen tätig. Nebst einer Praxis in Uster im Illuster habe ich auch zwei Standbeine in der Innerschweiz.<br />
In Kriens habe ich vor einigen Jahren im Gesundheitszentrum der SpäniApotheke erfolgreich gestartet. Ab März 2019 habe ich dann noch eine Praxis in der SwissMall in Ebikon. Dort werde ich jeweils am Mittwoch tätig sein. </p>
<h5>Ausbildung:</h5>
<p style="padding-left: 30px;">Studium der Pharmazie an der ETHZ 1986 Staatsexamen eidg. dipl. Apotheker</p>
<h5>Ausbildung:</h5>
<p style="padding-left: 30px;">1995-1998 Homöopathisch Ausbildung SGHB<br />
1996-1999 Homöopathische Ausbildung SVHA<br />
1999-2002 Phytotherapeutische Ausbildung SMGP<br />
2002-2003 Biochemische Beraterin (Joe Marti)<br />
2003-2007 Chinesische Medizin ASA (Grundlagen Kräuter, Rezepturen)
</p>
<h5>Abschlüsse:</h5>
<p style="padding-left: 30px;">Homöopathin SVHA<br />
Phytotherapeutin SMGP<br />
Biochemische Beraterin (Spak)<br />
Fachapothekerin FPH für Offizinpharmazie<br />
Fähigkeitsausweis FPH Phytotherapie Fachapothekerin FPH Homöopathie</p>
<h5>Übriges:</h5>
<p style="padding-left: 30px;">
Seit 2009 Gastdozentin an Uni Zürich &amp; ETH<br />
Vorstandsmitglied im Verein Züricher Ärztinnen und Ärzte Klassische Homöopathie <a href="http://www.ZAKH.ch">ZAKH.</a><br />
Vorstandsmitglied Schweizer Apotheker-Gesellschaft Homöopathie <a href="http://www.sagh.ch">SAGH.</a><br />
Vorträge zur Hausapotheke des Vereins zur Förderung der klassischen Homöopathie mit Frau Dr.Helene Gati Verschiedene Vorträge zusammen mit Christine Thanner (Hormonyogatherapeutin) Wechseljahre, Anti-Aging, Unerfüllter Kinderwunsch</p>
<h5>Projekte:</h5>
<p>Der Kräutergarten am Züriberg <a href="http://www.herbadea.ch">Herbadea</a></p>
</div>
</div></div></div></div></div>

<p>Hildegard Flück Schon im Rahmen meines Apothekerstudiums wurde mein Interesse an natürlichen Heilmethoden geweckt. So verbrachte ich meine Praktikantenjahre als angehende Apothekerin in der Rennweg und Hammerstein-Apotheke Zürich, die schon vor 30 Jahren führend in der Beratung und dem Vertrieb natürlicher Heilmittel war. Hier lernte ich die Herstellung von zahlreichen schon jahrhundertealten Hausspezialitäten. Auch homöopathische &hellip; </p>
<p class="link-more"><a href="https://praxis-natur.ch/?page_id=2203" class="more-link"><span class="screen-reader-text">„Über mich“ </span>weiterlesen</a></p>
